CRAN Package Check Results for Package rddtools

Last updated on 2024-12-19 23:50:43 CET.

Flavor Version Tinstall Tcheck Ttotal Status Flags
r-devel-linux-x86_64-debian-clang 1.6.0 12.41 132.92 145.33 NOTE
r-devel-linux-x86_64-debian-gcc 1.6.0 8.49 98.85 107.34 NOTE
r-devel-linux-x86_64-fedora-clang 1.6.0 242.42 NOTE
r-devel-linux-x86_64-fedora-gcc 1.6.0 246.80 NOTE
r-devel-windows-x86_64 1.6.0 16.00 145.00 161.00 NOTE
r-patched-linux-x86_64 1.6.0 18.78 126.53 145.31 OK
r-release-linux-x86_64 1.6.0 12.03 126.65 138.68 OK
r-release-macos-arm64 1.6.0 71.00 OK
r-release-macos-x86_64 1.6.0 102.00 OK
r-release-windows-x86_64 1.6.0 17.00 143.00 160.00 OK
r-oldrel-macos-arm64 1.6.0 82.00 OK
r-oldrel-macos-x86_64 1.6.0 121.00 OK
r-oldrel-windows-x86_64 1.6.0 18.00 168.00 186.00 OK

Check Details

Version: 1.6.0
Check: Rd cross-references
Result: NOTE Found the following Rd file(s) with Rd \link{} targets missing package anchors: as.npregbw.Rd: npregbw, npreg dens_test.Rd: DCdensity Please provide package anchors for all Rd \link{} targets not in the package itself and the base packages. Flavors: r-devel-linux-x86_64-debian-clang, r-devel-linux-x86_64-debian-gcc, r-devel-windows-x86_64

Version: 1.6.0
Check: dependencies in R code
Result: NOTE Namespace in Imports field not imported from: ‘rmarkdown’ All declared Imports should be used. Flavors: r-devel-linux-x86_64-fedora-clang, r-devel-linux-x86_64-fedora-gcc