CRAN Package Check Results for Package rebus

Last updated on 2024-12-19 23:50:43 CET.

Flavor Version Tinstall Tcheck Ttotal Status Flags
r-devel-linux-x86_64-debian-clang 0.1-3 1.84 22.17 24.01 OK
r-devel-linux-x86_64-debian-gcc 0.1-3 1.28 18.18 19.46 OK
r-devel-linux-x86_64-fedora-clang 0.1-3 39.70 OK
r-devel-linux-x86_64-fedora-gcc 0.1-3 36.51 OK
r-devel-windows-x86_64 0.1-3 4.00 57.00 61.00 OK
r-patched-linux-x86_64 0.1-3 2.86 21.26 24.12 NOTE
r-release-linux-x86_64 0.1-3 1.89 21.08 22.97 NOTE
r-release-macos-arm64 0.1-3 18.00 NOTE
r-release-macos-x86_64 0.1-3 24.00 NOTE
r-release-windows-x86_64 0.1-3 3.00 61.00 64.00 NOTE
r-oldrel-macos-arm64 0.1-3 18.00 NOTE
r-oldrel-macos-x86_64 0.1-3 25.00 NOTE
r-oldrel-windows-x86_64 0.1-3 4.00 54.00 58.00 NOTE

Check Details

Version: 0.1-3
Check: LazyData
Result: NOTE 'LazyData' is specified without a 'data' directory Flavors: r-patched-linux-x86_64, r-release-linux-x86_64, r-release-macos-arm64, r-release-macos-x86_64, r-release-windows-x86_64, r-oldrel-macos-arm64, r-oldrel-macos-x86_64, r-oldrel-windows-x86_64