CRAN Package Check Results for Package rebus.unicode

Last updated on 2024-12-19 23:50:43 CET.

Flavor Version Tinstall Tcheck Ttotal Status Flags
r-devel-linux-x86_64-debian-clang 0.0-2 2.54 22.03 24.57 OK
r-devel-linux-x86_64-debian-gcc 0.0-2 2.06 17.28 19.34 OK
r-devel-linux-x86_64-fedora-clang 0.0-2 40.95 OK
r-devel-linux-x86_64-fedora-gcc 0.0-2 37.18 OK
r-devel-windows-x86_64 0.0-2 4.00 45.00 49.00 OK
r-patched-linux-x86_64 0.0-2 2.35 21.30 23.65 NOTE
r-release-linux-x86_64 0.0-2 2.59 20.95 23.54 NOTE
r-release-macos-arm64 0.0-2 16.00 NOTE
r-release-macos-x86_64 0.0-2 25.00 NOTE
r-release-windows-x86_64 0.0-2 4.00 53.00 57.00 NOTE
r-oldrel-macos-arm64 0.0-2 17.00 NOTE
r-oldrel-macos-x86_64 0.0-2 22.00 NOTE
r-oldrel-windows-x86_64 0.0-2 4.00 45.00 49.00 NOTE

Check Details

Version: 0.0-2
Check: LazyData
Result: NOTE 'LazyData' is specified without a 'data' directory Flavors: r-patched-linux-x86_64, r-release-linux-x86_64, r-release-macos-arm64, r-release-macos-x86_64, r-release-windows-x86_64, r-oldrel-macos-arm64, r-oldrel-macos-x86_64, r-oldrel-windows-x86_64