Last updated on 2024-12-19 23:50:43 CET.
Flavor | Version | Tinstall | Tcheck | Ttotal | Status | Flags |
---|---|---|---|---|---|---|
r-devel-linux-x86_64-debian-clang | 1.0.1 | 109.40 | 46.29 | 155.69 | OK | |
r-devel-linux-x86_64-debian-gcc | 1.0.1 | 69.48 | 35.11 | 104.59 | OK | |
r-devel-linux-x86_64-fedora-clang | 1.0.1 | 319.60 | OK | |||
r-devel-linux-x86_64-fedora-gcc | 1.0.1 | 297.49 | OK | |||
r-devel-windows-x86_64 | 1.0.1 | 111.00 | 91.00 | 202.00 | OK | |
r-patched-linux-x86_64 | 1.0.1 | 95.88 | 43.83 | 139.71 | OK | |
r-release-linux-x86_64 | 1.0.1 | 95.53 | 44.69 | 140.22 | OK | |
r-release-macos-arm64 | 1.0.1 | 77.00 | NOTE | |||
r-release-macos-x86_64 | 1.0.1 | 65.00 | NOTE | |||
r-release-windows-x86_64 | 1.0.1 | 107.00 | 87.00 | 194.00 | OK | |
r-oldrel-macos-arm64 | 1.0.1 | 68.00 | NOTE | |||
r-oldrel-macos-x86_64 | 1.0.1 | 98.00 | NOTE | |||
r-oldrel-windows-x86_64 | 1.0.1 | 130.00 | 104.00 | 234.00 | OK |
Version: 1.0.1
Check: installed package size
Result: NOTE
installed size is 7.3Mb
sub-directories of 1Mb or more:
data 2.4Mb
libs 4.8Mb
Flavors: r-release-macos-arm64, r-release-macos-x86_64, r-oldrel-macos-arm64, r-oldrel-macos-x86_64