CRAN Package Check Results for Package remify

Last updated on 2024-12-19 23:50:43 CET.

Flavor Version Tinstall Tcheck Ttotal Status Flags
r-devel-linux-x86_64-debian-clang 3.2.6 41.05 58.15 99.20 OK
r-devel-linux-x86_64-debian-gcc 3.2.6 28.07 48.47 76.54 OK
r-devel-linux-x86_64-fedora-clang 3.2.6 166.97 OK
r-devel-linux-x86_64-fedora-gcc 3.2.6 188.75 OK
r-devel-windows-x86_64 3.2.6 37.00 125.00 162.00 OK
r-patched-linux-x86_64 3.2.6 39.01 56.34 95.35 OK
r-release-linux-x86_64 3.2.6 37.73 56.03 93.76 OK
r-release-macos-arm64 3.2.6 77.00 NOTE
r-release-macos-x86_64 3.2.6 97.00 NOTE
r-release-windows-x86_64 3.2.6 34.00 119.00 153.00 NOTE
r-oldrel-macos-arm64 3.2.6 64.00 NOTE
r-oldrel-macos-x86_64 3.2.6 140.00 NOTE
r-oldrel-windows-x86_64 3.2.6 46.00 136.00 182.00 NOTE

Check Details

Version: 3.2.6
Check: installed package size
Result: NOTE installed size is 8.0Mb sub-directories of 1Mb or more: doc 3.4Mb libs 3.8Mb Flavors: r-release-macos-arm64, r-release-macos-x86_64, r-release-windows-x86_64, r-oldrel-macos-arm64, r-oldrel-macos-x86_64, r-oldrel-windows-x86_64