CRAN Package Check Results for Package reportr

Last updated on 2024-12-19 23:50:43 CET.

Flavor Version Tinstall Tcheck Ttotal Status Flags
r-devel-linux-x86_64-debian-clang 1.3.0 1.77 19.56 21.33 NOTE
r-devel-linux-x86_64-debian-gcc 1.3.0 1.23 16.13 17.36 NOTE
r-devel-linux-x86_64-fedora-clang 1.3.0 36.06 OK
r-devel-linux-x86_64-fedora-gcc 1.3.0 44.89 OK
r-devel-windows-x86_64 1.3.0 2.00 50.00 52.00 NOTE
r-patched-linux-x86_64 1.3.0 2.30 18.84 21.14 OK
r-release-linux-x86_64 1.3.0 1.61 18.78 20.39 OK
r-release-macos-arm64 1.3.0 20.00 OK
r-release-macos-x86_64 1.3.0 43.00 OK
r-release-windows-x86_64 1.3.0 3.00 58.00 61.00 OK
r-oldrel-macos-arm64 1.3.0 22.00 OK
r-oldrel-macos-x86_64 1.3.0 28.00 OK
r-oldrel-windows-x86_64 1.3.0 3.00 51.00 54.00 OK

Check Details

Version: 1.3.0
Check: Rd cross-references
Result: NOTE Found the following Rd file(s) with Rd \link{} targets missing package anchors: reportr.Rd: es Please provide package anchors for all Rd \link{} targets not in the package itself and the base packages. Flavors: r-devel-linux-x86_64-debian-clang, r-devel-linux-x86_64-debian-gcc, r-devel-windows-x86_64