Last updated on 2024-12-19 23:50:44 CET.
Flavor | Version | Tinstall | Tcheck | Ttotal | Status | Flags |
---|---|---|---|---|---|---|
r-devel-linux-x86_64-debian-gcc | 0.0.11-1 | 172.45 | 35.77 | 208.22 | OK | |
r-devel-linux-x86_64-fedora-clang | 0.0.11-1 | 316.57 | OK | |||
r-devel-linux-x86_64-fedora-gcc | 0.0.11-1 | 569.53 | OK | |||
r-release-macos-arm64 | 0.0.11-1 | 106.00 | NOTE | |||
r-release-macos-x86_64 | 0.0.11-1 | 120.00 | NOTE | |||
r-oldrel-macos-arm64 | 0.0.11-1 | 108.00 | NOTE | |||
r-oldrel-macos-x86_64 | 0.0.11-1 | 119.00 | NOTE |
Version: 0.0.11-1
Check: installed package size
Result: NOTE
installed size is 28.6Mb
sub-directories of 1Mb or more:
libs 27.3Mb
Flavors: r-release-macos-arm64, r-release-macos-x86_64, r-oldrel-macos-arm64, r-oldrel-macos-x86_64