Last updated on 2024-12-19 23:50:44 CET.
Flavor | Version | Tinstall | Tcheck | Ttotal | Status | Flags |
---|---|---|---|---|---|---|
r-devel-linux-x86_64-debian-clang | 0.4.0 | 26.32 | 278.01 | 304.33 | OK | |
r-devel-linux-x86_64-debian-gcc | 0.4.0 | 18.03 | 181.81 | 199.84 | OK | |
r-devel-linux-x86_64-fedora-clang | 0.4.0 | 307.75 | OK | |||
r-devel-linux-x86_64-fedora-gcc | 0.4.0 | 583.35 | NOTE | |||
r-devel-windows-x86_64 | 0.4.0 | 25.00 | 255.00 | 280.00 | OK | |
r-patched-linux-x86_64 | 0.4.0 | 23.57 | 263.52 | 287.09 | OK | |
r-release-linux-x86_64 | 0.4.0 | 25.55 | 263.56 | 289.11 | OK | |
r-release-macos-arm64 | 0.4.0 | 159.00 | OK | |||
r-release-macos-x86_64 | 0.4.0 | 290.00 | OK | |||
r-release-windows-x86_64 | 0.4.0 | 24.00 | 257.00 | 281.00 | OK | |
r-oldrel-macos-arm64 | 0.4.0 | 155.00 | OK | |||
r-oldrel-macos-x86_64 | 0.4.0 | 267.00 | OK | |||
r-oldrel-windows-x86_64 | 0.4.0 | 33.00 | 319.00 | 352.00 | OK |
Version: 0.4.0
Check: for non-standard things in the check directory
Result: NOTE
Found the following files/directories:
‘rnaturalearthhires’
Flavor: r-devel-linux-x86_64-fedora-gcc