CRAN Package Check Results for Package ricegeneann

Last updated on 2024-12-19 23:50:44 CET.

Flavor Version Tinstall Tcheck Ttotal Status Flags
r-devel-linux-x86_64-debian-clang 1.0.2 4.94 18.50 23.44 OK
r-devel-linux-x86_64-debian-gcc 1.0.2 3.68 15.78 19.46 OK
r-devel-linux-x86_64-fedora-clang 1.0.2 40.94 OK
r-devel-linux-x86_64-fedora-gcc 1.0.2 36.05 OK
r-devel-windows-x86_64 1.0.2 6.00 48.00 54.00 OK
r-patched-linux-x86_64 1.0.2 5.02 18.08 23.10 NOTE
r-release-linux-x86_64 1.0.2 4.97 18.02 22.99 NOTE
r-release-macos-arm64 1.0.2 17.00 NOTE
r-release-macos-x86_64 1.0.2 25.00 NOTE
r-release-windows-x86_64 1.0.2 7.00 56.00 63.00 NOTE
r-oldrel-macos-arm64 1.0.2 20.00 NOTE
r-oldrel-macos-x86_64 1.0.2 23.00 NOTE
r-oldrel-windows-x86_64 1.0.2 7.00 44.00 51.00 NOTE

Check Details

Version: 1.0.2
Check: LazyData
Result: NOTE 'LazyData' is specified without a 'data' directory Flavors: r-patched-linux-x86_64, r-release-linux-x86_64, r-release-macos-arm64, r-release-macos-x86_64, r-release-windows-x86_64, r-oldrel-macos-arm64, r-oldrel-macos-x86_64, r-oldrel-windows-x86_64