Last updated on 2024-12-19 23:50:44 CET.
Flavor | Version | Tinstall | Tcheck | Ttotal | Status | Flags |
---|---|---|---|---|---|---|
r-devel-linux-x86_64-debian-clang | 0.3.1 | 2.97 | 29.38 | 32.35 | OK | |
r-devel-linux-x86_64-debian-gcc | 0.3.1 | 2.29 | 24.23 | 26.52 | OK | |
r-devel-linux-x86_64-fedora-clang | 0.3.1 | 58.77 | OK | |||
r-devel-linux-x86_64-fedora-gcc | 0.3.1 | 50.28 | OK | |||
r-devel-windows-x86_64 | 0.3.1 | 6.00 | 62.00 | 68.00 | OK | |
r-patched-linux-x86_64 | 0.3.1 | 3.04 | 28.44 | 31.48 | NOTE | |
r-release-linux-x86_64 | 0.3.1 | 3.40 | 28.35 | 31.75 | NOTE | |
r-release-macos-arm64 | 0.3.1 | 21.00 | NOTE | |||
r-release-macos-x86_64 | 0.3.1 | 29.00 | NOTE | |||
r-release-windows-x86_64 | 0.3.1 | 6.00 | 71.00 | 77.00 | NOTE | |
r-oldrel-macos-arm64 | 0.3.1 | 22.00 | NOTE | |||
r-oldrel-macos-x86_64 | 0.3.1 | 28.00 | NOTE | |||
r-oldrel-windows-x86_64 | 0.3.1 | 7.00 | 64.00 | 71.00 | NOTE |
Version: 0.3.1
Check: LazyData
Result: NOTE
'LazyData' is specified without a 'data' directory
Flavors: r-patched-linux-x86_64, r-release-linux-x86_64, r-release-macos-arm64, r-release-macos-x86_64, r-release-windows-x86_64, r-oldrel-macos-arm64, r-oldrel-macos-x86_64, r-oldrel-windows-x86_64