Last updated on 2024-12-19 23:50:44 CET.
Flavor | Version | Tinstall | Tcheck | Ttotal | Status | Flags |
---|---|---|---|---|---|---|
r-devel-linux-x86_64-debian-clang | 0.2.1 | 72.04 | 36.73 | 108.77 | OK | |
r-devel-linux-x86_64-debian-gcc | 0.2.1 | 70.09 | 27.48 | 97.57 | OK | |
r-devel-linux-x86_64-fedora-clang | 0.2.1 | 176.67 | OK | |||
r-devel-linux-x86_64-fedora-gcc | 0.2.1 | 243.52 | OK | |||
r-devel-windows-x86_64 | 0.2.1 | 75.00 | 94.00 | 169.00 | OK | |
r-patched-linux-x86_64 | 0.2.1 | 91.41 | 34.04 | 125.45 | OK | |
r-release-linux-x86_64 | 0.2.1 | 90.25 | 34.33 | 124.58 | OK | |
r-release-macos-arm64 | 0.2.1 | 50.00 | NOTE | |||
r-release-macos-x86_64 | 0.2.1 | 96.00 | NOTE | |||
r-release-windows-x86_64 | 0.2.1 | 78.00 | 102.00 | 180.00 | NOTE | |
r-oldrel-macos-arm64 | 0.2.1 | 63.00 | NOTE | |||
r-oldrel-macos-x86_64 | 0.2.1 | 98.00 | NOTE | |||
r-oldrel-windows-x86_64 | 0.2.1 | 70.00 | 104.00 | 174.00 | NOTE |
Version: 0.2.1
Check: installed package size
Result: NOTE
installed size is 19.2Mb
sub-directories of 1Mb or more:
lemon 2.8Mb
libs 16.1Mb
Flavors: r-release-macos-arm64, r-release-macos-x86_64, r-release-windows-x86_64, r-oldrel-macos-arm64, r-oldrel-macos-x86_64, r-oldrel-windows-x86_64