CRAN Package Check Results for Package rmBayes

Last updated on 2024-12-19 23:50:44 CET.

Flavor Version Tinstall Tcheck Ttotal Status Flags
r-devel-linux-x86_64-debian-clang 0.1.16 1131.54 186.86 1318.40 OK
r-devel-linux-x86_64-debian-gcc 0.1.16 1085.64 212.25 1297.89 OK
r-devel-linux-x86_64-fedora-clang 0.1.16 2105.41 OK
r-devel-linux-x86_64-fedora-gcc 0.1.16 3205.29 OK
r-devel-windows-x86_64 0.1.16 1080.00 303.00 1383.00 OK
r-patched-linux-x86_64 0.1.16 1400.93 299.31 1700.24 NOTE
r-release-linux-x86_64 0.1.16 1374.79 299.42 1674.21 NOTE
r-release-macos-arm64 0.1.16 525.00 NOTE
r-release-macos-x86_64 0.1.16 470.00 NOTE
r-release-windows-x86_64 0.1.16 1093.00 296.00 1389.00 NOTE
r-oldrel-macos-arm64 0.1.16 500.00 NOTE
r-oldrel-macos-x86_64 0.1.16 496.00 NOTE
r-oldrel-windows-x86_64 0.1.16 1458.00 361.00 1819.00 NOTE

Check Details

Version: 0.1.16
Check: for GNU extensions in Makefiles
Result: NOTE GNU make is a SystemRequirements. Flavors: r-patched-linux-x86_64, r-release-linux-x86_64, r-release-macos-arm64, r-release-macos-x86_64, r-release-windows-x86_64, r-oldrel-macos-arm64, r-oldrel-macos-x86_64, r-oldrel-windows-x86_64

Version: 0.1.16
Check: installed package size
Result: NOTE installed size is 142.7Mb sub-directories of 1Mb or more: libs 142.3Mb Flavors: r-release-macos-arm64, r-release-macos-x86_64, r-release-windows-x86_64, r-oldrel-macos-arm64, r-oldrel-macos-x86_64, r-oldrel-windows-x86_64