CRAN Package Check Results for Package rminizinc

Last updated on 2024-12-19 23:50:44 CET.

Flavor Version Tinstall Tcheck Ttotal Status Flags
r-devel-linux-x86_64-debian-clang 0.0.8 47.72 60.87 108.59 NOTE
r-devel-linux-x86_64-debian-gcc 0.0.8 31.73 44.18 75.91 NOTE
r-devel-linux-x86_64-fedora-clang 0.0.8 194.70 NOTE
r-devel-linux-x86_64-fedora-gcc 0.0.8 192.73 NOTE
r-devel-windows-x86_64 0.0.8 89.00 119.00 208.00 NOTE
r-patched-linux-x86_64 0.0.8 45.76 58.98 104.74 NOTE
r-release-linux-x86_64 0.0.8 42.50 57.77 100.27 NOTE
r-release-macos-arm64 0.0.8 68.00 NOTE
r-release-macos-x86_64 0.0.8 111.00 NOTE
r-release-windows-x86_64 0.0.8 83.00 113.00 196.00 NOTE
r-oldrel-macos-arm64 0.0.8 70.00 NOTE
r-oldrel-macos-x86_64 0.0.8 116.00 NOTE
r-oldrel-windows-x86_64 0.0.8 101.00 127.00 228.00 NOTE

Check Details

Version: 0.0.8
Check: C++ specification
Result: NOTE Specified C++11: please drop specification unless essential Flavors: r-devel-linux-x86_64-debian-clang, r-devel-linux-x86_64-debian-gcc, r-devel-linux-x86_64-fedora-clang, r-devel-linux-x86_64-fedora-gcc, r-devel-windows-x86_64, r-patched-linux-x86_64, r-release-linux-x86_64, r-release-macos-arm64, r-release-macos-x86_64, r-release-windows-x86_64, r-oldrel-macos-arm64, r-oldrel-macos-x86_64, r-oldrel-windows-x86_64

Version: 0.0.8
Check: installed package size
Result: NOTE installed size is 6.8Mb sub-directories of 1Mb or more: R 1.0Mb libs 1.1Mb minizinc 3.3Mb Flavors: r-release-macos-arm64, r-release-macos-x86_64, r-release-windows-x86_64, r-oldrel-macos-arm64, r-oldrel-macos-x86_64, r-oldrel-windows-x86_64