CRAN Package Check Results for Package rnaturalearth

Last updated on 2024-12-19 23:50:44 CET.

Flavor Version Tinstall Tcheck Ttotal Status Flags
r-devel-linux-x86_64-debian-clang 1.0.1 24.33 204.27 228.60 OK
r-devel-linux-x86_64-debian-gcc 1.0.1 13.30 124.98 138.28 OK
r-devel-linux-x86_64-fedora-clang 1.0.1 377.87 OK
r-devel-linux-x86_64-fedora-gcc 1.0.1 356.20 OK
r-devel-windows-x86_64 1.0.1 21.00 171.00 192.00 OK
r-patched-linux-x86_64 1.0.1 21.45 192.10 213.55 NOTE
r-release-linux-x86_64 1.0.1 22.14 188.61 210.75 NOTE
r-release-macos-arm64 1.0.1 91.00 NOTE
r-release-macos-x86_64 1.0.1 150.00 NOTE
r-release-windows-x86_64 1.0.1 21.00 166.00 187.00 NOTE
r-oldrel-macos-arm64 1.0.1 96.00 NOTE
r-oldrel-macos-x86_64 1.0.1 193.00 NOTE
r-oldrel-windows-x86_64 1.0.1 29.00 221.00 250.00 NOTE

Check Details

Version: 1.0.1
Check: package dependencies
Result: NOTE Package suggested but not available for checking: ‘rnaturalearthhires’ Flavors: r-patched-linux-x86_64, r-release-linux-x86_64, r-release-macos-arm64, r-release-macos-x86_64, r-release-windows-x86_64, r-oldrel-macos-arm64, r-oldrel-macos-x86_64, r-oldrel-windows-x86_64