CRAN Package Check Results for Package robustsur

Last updated on 2024-12-19 23:50:44 CET.

Flavor Version Tinstall Tcheck Ttotal Status Flags
r-devel-linux-x86_64-debian-clang 0.0-7 9.91 80.77 90.68 NOTE
r-devel-linux-x86_64-debian-gcc 0.0-7 7.75 61.59 69.34 NOTE
r-devel-linux-x86_64-fedora-clang 0.0-7 149.01 OK
r-devel-linux-x86_64-fedora-gcc 0.0-7 135.11 OK
r-devel-windows-x86_64 0.0-7 11.00 90.00 101.00 NOTE
r-patched-linux-x86_64 0.0-7 14.29 76.50 90.79 OK
r-release-linux-x86_64 0.0-7 10.30 75.92 86.22 OK
r-release-macos-arm64 0.0-7 42.00 OK
r-release-macos-x86_64 0.0-7 62.00 OK
r-release-windows-x86_64 0.0-7 11.00 90.00 101.00 OK
r-oldrel-macos-arm64 0.0-7 47.00 OK
r-oldrel-macos-x86_64 0.0-7 75.00 OK
r-oldrel-windows-x86_64 0.0-7 12.00 107.00 119.00 OK

Check Details

Version: 0.0-7
Check: Rd cross-references
Result: NOTE Found the following Rd file(s) with Rd \link{} targets missing package anchors: surerob.Rd: lmrob Please provide package anchors for all Rd \link{} targets not in the package itself and the base packages. Flavors: r-devel-linux-x86_64-debian-clang, r-devel-linux-x86_64-debian-gcc, r-devel-windows-x86_64