CRAN Package Check Results for Package rollinglda

Last updated on 2024-12-19 23:50:44 CET.

Flavor Version Tinstall Tcheck Ttotal Status Flags
r-devel-linux-x86_64-debian-clang 0.1.3 8.32 102.32 110.64 NOTE
r-devel-linux-x86_64-debian-gcc 0.1.3 5.69 74.61 80.30 NOTE
r-devel-linux-x86_64-fedora-clang 0.1.3 195.82 OK
r-devel-linux-x86_64-fedora-gcc 0.1.3 175.70 OK
r-devel-windows-x86_64 0.1.3 13.00 116.00 129.00 NOTE
r-patched-linux-x86_64 0.1.3 13.60 99.75 113.35 OK
r-release-linux-x86_64 0.1.3 8.56 98.39 106.95 OK
r-release-macos-arm64 0.1.3 63.00 OK
r-release-macos-x86_64 0.1.3 90.00 OK
r-release-windows-x86_64 0.1.3 14.00 111.00 125.00 OK
r-oldrel-macos-arm64 0.1.3 59.00 OK
r-oldrel-macos-x86_64 0.1.3 158.00 OK
r-oldrel-windows-x86_64 0.1.3 16.00 138.00 154.00 OK

Check Details

Version: 0.1.3
Check: Rd cross-references
Result: NOTE Found the following Rd file(s) with Rd \link{} targets missing package anchors: RollingLDA.Rd: LDA updateRollingLDA.Rd: LDA Please provide package anchors for all Rd \link{} targets not in the package itself and the base packages. Flavors: r-devel-linux-x86_64-debian-clang, r-devel-linux-x86_64-debian-gcc, r-devel-windows-x86_64