CRAN Package Check Results for Package rstanbdp

Last updated on 2024-12-19 23:50:44 CET.

Flavor Version Tinstall Tcheck Ttotal Status Flags
r-devel-linux-x86_64-debian-clang 0.0.3 506.16 182.47 688.63 OK
r-devel-linux-x86_64-debian-gcc 0.0.3 475.13 169.28 644.41 OK
r-devel-linux-x86_64-fedora-clang 0.0.3 1171.27 OK
r-devel-linux-x86_64-fedora-gcc 0.0.3 1595.62 OK
r-devel-windows-x86_64 0.0.3 512.00 237.00 749.00 OK
r-patched-linux-x86_64 0.0.3 628.60 233.40 862.00 NOTE
r-release-linux-x86_64 0.0.3 630.10 229.28 859.38 NOTE
r-release-macos-arm64 0.0.3 273.00 NOTE
r-release-macos-x86_64 0.0.3 534.00 NOTE
r-release-windows-x86_64 0.0.3 516.00 242.00 758.00 NOTE
r-oldrel-macos-arm64 0.0.3 305.00 NOTE
r-oldrel-macos-x86_64 0.0.3 339.00 NOTE
r-oldrel-windows-x86_64 0.0.3 677.00 283.00 960.00 NOTE

Check Details

Version: 0.0.3
Check: for GNU extensions in Makefiles
Result: NOTE GNU make is a SystemRequirements. Flavors: r-patched-linux-x86_64, r-release-linux-x86_64, r-release-macos-arm64, r-release-macos-x86_64, r-release-windows-x86_64, r-oldrel-macos-arm64, r-oldrel-macos-x86_64, r-oldrel-windows-x86_64

Version: 0.0.3
Check: installed package size
Result: NOTE installed size is 94.9Mb sub-directories of 1Mb or more: libs 94.6Mb Flavors: r-release-macos-arm64, r-release-macos-x86_64, r-release-windows-x86_64, r-oldrel-macos-arm64, r-oldrel-macos-x86_64, r-oldrel-windows-x86_64