Last updated on 2024-12-19 23:50:44 CET.
Flavor | Version | Tinstall | Tcheck | Ttotal | Status | Flags |
---|---|---|---|---|---|---|
r-devel-linux-x86_64-debian-clang | 0.2.6.1 | 41.90 | 29.13 | 71.03 | NOTE | |
r-devel-linux-x86_64-debian-gcc | 0.2.6.1 | 34.67 | 22.95 | 57.62 | NOTE | |
r-devel-linux-x86_64-fedora-clang | 0.2.6.1 | 129.13 | NOTE | |||
r-devel-linux-x86_64-fedora-gcc | 0.2.6.1 | 144.40 | NOTE | |||
r-devel-windows-x86_64 | 0.2.6.1 | 42.00 | 82.00 | 124.00 | NOTE | |
r-patched-linux-x86_64 | 0.2.6.1 | 49.59 | 27.48 | 77.07 | NOTE | |
r-release-linux-x86_64 | 0.2.6.1 | 49.93 | 27.94 | 77.87 | NOTE | |
r-release-macos-arm64 | 0.2.6.1 | 38.00 | NOTE | |||
r-release-macos-x86_64 | 0.2.6.1 | 43.00 | NOTE | |||
r-release-windows-x86_64 | 0.2.6.1 | 42.00 | 90.00 | 132.00 | NOTE | |
r-oldrel-macos-arm64 | 0.2.6.1 | 42.00 | NOTE | |||
r-oldrel-macos-x86_64 | 0.2.6.1 | 68.00 | NOTE | |||
r-oldrel-windows-x86_64 | 0.2.6.1 | 43.00 | 88.00 | 131.00 | NOTE |
Version: 0.2.6.1
Check: C++ specification
Result: NOTE
Specified C++11: please drop specification unless essential
Flavors: r-devel-linux-x86_64-debian-clang, r-devel-linux-x86_64-debian-gcc, r-devel-linux-x86_64-fedora-clang, r-devel-linux-x86_64-fedora-gcc, r-devel-windows-x86_64, r-patched-linux-x86_64, r-release-linux-x86_64, r-release-macos-arm64, r-release-macos-x86_64, r-release-windows-x86_64, r-oldrel-macos-arm64, r-oldrel-macos-x86_64, r-oldrel-windows-x86_64
Version: 0.2.6.1
Check: installed package size
Result: NOTE
installed size is 7.2Mb
sub-directories of 1Mb or more:
libs 7.1Mb
Flavors: r-release-macos-arm64, r-release-macos-x86_64, r-oldrel-macos-arm64, r-oldrel-macos-x86_64