CRAN Package Check Results for Package rtop

Last updated on 2024-12-19 23:50:44 CET.

Flavor Version Tinstall Tcheck Ttotal Status Flags
r-devel-linux-x86_64-debian-clang 0.6-9 11.41 159.18 170.59 NOTE
r-devel-linux-x86_64-debian-gcc 0.6-9 7.77 104.57 112.34 NOTE
r-devel-linux-x86_64-fedora-clang 0.6-9 284.77 OK
r-devel-linux-x86_64-fedora-gcc 0.6-9 257.46 OK
r-devel-windows-x86_64 0.6-9 15.00 155.00 170.00 NOTE
r-patched-linux-x86_64 0.6-9 16.31 142.84 159.15 OK
r-release-linux-x86_64 0.6-9 10.15 148.78 158.93 OK
r-release-macos-arm64 0.6-9 64.00 OK
r-release-macos-x86_64 0.6-9 109.00 OK
r-release-windows-x86_64 0.6-9 16.00 150.00 166.00 OK
r-oldrel-macos-arm64 0.6-9 89.00 OK
r-oldrel-macos-x86_64 0.6-9 155.00 OK
r-oldrel-windows-x86_64 0.6-9 18.00 191.00 209.00 OK

Check Details

Version: 0.6-9
Check: Rd cross-references
Result: NOTE Found the following Rd file(s) with Rd \link{} targets missing package anchors: getRtopParams.Rd: gstat Please provide package anchors for all Rd \link{} targets not in the package itself and the base packages. Flavors: r-devel-linux-x86_64-debian-clang, r-devel-linux-x86_64-debian-gcc, r-devel-windows-x86_64