CRAN Package Check Results for Package ruimtehol

Last updated on 2024-12-19 23:50:44 CET.

Flavor Version Tinstall Tcheck Ttotal Status Flags
r-devel-linux-x86_64-debian-clang 0.3.2 138.97 372.00 510.97 OK
r-devel-linux-x86_64-debian-gcc 0.3.2 97.67 378.16 475.83 OK
r-devel-linux-x86_64-fedora-clang 0.3.2 648.67 OK
r-devel-linux-x86_64-fedora-gcc 0.3.2 864.76 OK
r-devel-windows-x86_64 0.3.2 139.00 336.00 475.00 OK
r-patched-linux-x86_64 0.3.2 148.16 408.77 556.93 OK
r-release-linux-x86_64 0.3.2 144.74 403.60 548.34 OK
r-release-macos-arm64 0.3.2 204.00 NOTE
r-release-macos-x86_64 0.3.2 285.00 NOTE
r-release-windows-x86_64 0.3.2 147.00 336.00 483.00 NOTE
r-oldrel-macos-arm64 0.3.2 324.00 NOTE
r-oldrel-macos-x86_64 0.3.2 607.00 NOTE
r-oldrel-windows-x86_64 0.3.2 127.00 361.00 488.00 NOTE

Check Details

Version: 0.3.2
Check: installed package size
Result: NOTE installed size is 10.8Mb sub-directories of 1Mb or more: data 3.8Mb libs 6.5Mb Flavors: r-release-macos-arm64, r-release-macos-x86_64, r-release-windows-x86_64, r-oldrel-macos-arm64, r-oldrel-macos-x86_64, r-oldrel-windows-x86_64