Last updated on 2024-12-19 23:50:44 CET.
Flavor | Version | Tinstall | Tcheck | Ttotal | Status | Flags |
---|---|---|---|---|---|---|
r-devel-linux-x86_64-debian-clang | 2.0.13 | 393.02 | 27.09 | 420.11 | OK | |
r-devel-linux-x86_64-debian-gcc | 2.0.13 | 359.79 | 82.35 | 442.14 | OK | |
r-devel-linux-x86_64-fedora-clang | 2.0.13 | 889.35 | OK | |||
r-devel-linux-x86_64-fedora-gcc | 2.0.13 | 1189.08 | OK | |||
r-devel-windows-x86_64 | 2.0.13 | 482.00 | 97.00 | 579.00 | OK | |
r-patched-linux-x86_64 | 2.0.13 | 512.37 | 115.18 | 627.55 | OK | |
r-release-linux-x86_64 | 2.0.13 | 482.86 | 115.43 | 598.29 | OK | |
r-release-macos-arm64 | 2.0.13 | 151.00 | NOTE | |||
r-release-macos-x86_64 | 2.0.13 | 149.00 | NOTE | |||
r-release-windows-x86_64 | 2.0.12 | 505.00 | 92.00 | 597.00 | OK | |
r-oldrel-macos-arm64 | 2.0.13 | 151.00 | NOTE | |||
r-oldrel-macos-x86_64 | 2.0.13 | 156.00 | NOTE | |||
r-oldrel-windows-x86_64 | 2.0.13 | 376.00 | 108.00 | 484.00 | OK |
Version: 2.0.13
Check: installed package size
Result: NOTE
installed size is 14.3Mb
sub-directories of 1Mb or more:
libs 14.1Mb
Flavors: r-release-macos-arm64, r-release-macos-x86_64, r-oldrel-macos-arm64, r-oldrel-macos-x86_64