CRAN Package Check Results for Package sSDR

Last updated on 2024-12-19 23:50:46 CET.

Flavor Version Tinstall Tcheck Ttotal Status Flags
r-devel-linux-x86_64-debian-clang 1.2.0 5.88 50.00 55.88 OK
r-devel-linux-x86_64-debian-gcc 1.2.0 5.09 38.07 43.16 OK
r-devel-linux-x86_64-fedora-clang 1.2.0 92.05 OK
r-devel-linux-x86_64-fedora-gcc 1.2.0 84.61 OK
r-devel-windows-x86_64 1.2.0 7.00 65.00 72.00 OK
r-patched-linux-x86_64 1.2.0 5.82 46.87 52.69 NOTE
r-release-linux-x86_64 1.2.0 5.97 47.25 53.22 NOTE
r-release-macos-arm64 1.2.0 27.00 NOTE
r-release-macos-x86_64 1.2.0 41.00 NOTE
r-release-windows-x86_64 1.2.0 7.00 76.00 83.00 NOTE
r-oldrel-macos-arm64 1.2.0 31.00 NOTE
r-oldrel-macos-x86_64 1.2.0 48.00 NOTE
r-oldrel-windows-x86_64 1.2.0 6.00 76.00 82.00 NOTE

Check Details

Version: 1.2.0
Check: LazyData
Result: NOTE 'LazyData' is specified without a 'data' directory Flavors: r-patched-linux-x86_64, r-release-linux-x86_64, r-release-macos-arm64, r-release-macos-x86_64, r-release-windows-x86_64, r-oldrel-macos-arm64, r-oldrel-macos-x86_64, r-oldrel-windows-x86_64