CRAN Package Check Results for Package saeMSPE

Last updated on 2024-12-19 23:50:45 CET.

Flavor Version Tinstall Tcheck Ttotal Status Flags
r-devel-linux-x86_64-debian-clang 1.4 45.16 58.85 104.01 OK
r-devel-linux-x86_64-debian-gcc 1.4 33.68 43.50 77.18 OK
r-devel-linux-x86_64-fedora-clang 1.4 183.69 OK
r-devel-linux-x86_64-fedora-gcc 1.4 188.43 OK
r-devel-windows-x86_64 1.4 48.00 95.00 143.00 OK
r-patched-linux-x86_64 1.4 53.14 54.85 107.99 OK
r-release-linux-x86_64 1.4 49.18 56.12 105.30 OK
r-release-macos-arm64 1.4 50.00 NOTE
r-release-macos-x86_64 1.4 104.00 NOTE
r-release-windows-x86_64 1.4 43.00 92.00 135.00 OK
r-oldrel-macos-arm64 1.4 50.00 NOTE
r-oldrel-macos-x86_64 1.4 100.00 NOTE
r-oldrel-windows-x86_64 1.4 59.00 114.00 173.00 OK

Check Details

Version: 1.4
Check: installed package size
Result: NOTE installed size is 7.6Mb sub-directories of 1Mb or more: libs 7.3Mb Flavors: r-release-macos-arm64, r-release-macos-x86_64, r-oldrel-macos-arm64, r-oldrel-macos-x86_64