Last updated on 2024-12-19 23:50:45 CET.
Flavor | Version | Tinstall | Tcheck | Ttotal | Status | Flags |
---|---|---|---|---|---|---|
r-devel-linux-x86_64-debian-clang | 1.0.1 | 168.73 | 117.09 | 285.82 | OK | |
r-devel-linux-x86_64-debian-gcc | 1.0.1 | 125.68 | 80.90 | 206.58 | OK | |
r-devel-linux-x86_64-fedora-clang | 1.0.1 | 596.42 | OK | |||
r-devel-linux-x86_64-fedora-gcc | 1.0.1 | 585.29 | OK | |||
r-devel-windows-x86_64 | 1.0.1 | 174.00 | 161.00 | 335.00 | OK | |
r-patched-linux-x86_64 | 1.0.1 | 173.98 | 112.73 | 286.71 | OK | |
r-release-linux-x86_64 | 1.0.1 | 168.92 | 111.58 | 280.50 | OK | |
r-release-macos-arm64 | 1.0.1 | 135.00 | NOTE | |||
r-release-macos-x86_64 | 1.0.1 | 225.00 | NOTE | |||
r-release-windows-x86_64 | 1.0.1 | 175.00 | 159.00 | 334.00 | OK | |
r-oldrel-macos-arm64 | 1.0.1 | 151.00 | NOTE | |||
r-oldrel-macos-x86_64 | 1.0.1 | 247.00 | NOTE | |||
r-oldrel-windows-x86_64 | 1.0.1 | 204.00 | 190.00 | 394.00 | OK |
Version: 1.0.1
Check: installed package size
Result: NOTE
installed size is 14.9Mb
sub-directories of 1Mb or more:
libs 13.8Mb
Flavors: r-release-macos-arm64, r-release-macos-x86_64, r-oldrel-macos-arm64, r-oldrel-macos-x86_64