CRAN Package Check Results for Package sarsop

Last updated on 2024-12-19 23:50:45 CET.

Flavor Version Tinstall Tcheck Ttotal Status Flags
r-devel-linux-x86_64-debian-clang 0.6.15 180.16 319.49 499.65 OK
r-devel-linux-x86_64-debian-gcc 0.6.15 127.97 328.33 456.30 OK
r-devel-linux-x86_64-fedora-clang 0.6.15 892.04 OK
r-devel-linux-x86_64-fedora-gcc 0.6.15 815.88 OK
r-devel-windows-x86_64 0.6.15 14.00 447.00 461.00 OK
r-patched-linux-x86_64 0.6.15 179.61 330.82 510.43 OK
r-release-linux-x86_64 0.6.15 179.64 323.12 502.76 OK
r-release-macos-arm64 0.6.15 390.00 NOTE
r-release-macos-x86_64 0.6.15 631.00 NOTE
r-release-windows-x86_64 0.6.15 15.00 405.00 420.00 NOTE
r-oldrel-macos-arm64 0.6.15 423.00 NOTE
r-oldrel-macos-x86_64 0.6.15 496.00 NOTE
r-oldrel-windows-x86_64 0.6.15 16.00 467.00 483.00 NOTE

Check Details

Version: 0.6.15
Check: installed package size
Result: NOTE installed size is 5.3Mb sub-directories of 1Mb or more: bin 4.5Mb Flavors: r-release-macos-arm64, r-release-macos-x86_64, r-release-windows-x86_64, r-oldrel-macos-arm64, r-oldrel-macos-x86_64, r-oldrel-windows-x86_64