Last updated on 2024-12-19 23:50:45 CET.
Flavor | Version | Tinstall | Tcheck | Ttotal | Status | Flags |
---|---|---|---|---|---|---|
r-devel-linux-x86_64-debian-clang | 1.0.3 | 36.14 | 75.15 | 111.29 | OK | |
r-devel-linux-x86_64-debian-gcc | 1.0.3 | 25.92 | 56.07 | 81.99 | OK | |
r-devel-linux-x86_64-fedora-clang | 1.0.3 | 193.36 | OK | |||
r-devel-linux-x86_64-fedora-gcc | 1.0.3 | 187.52 | OK | |||
r-devel-windows-x86_64 | 1.0.3 | 32.00 | 108.00 | 140.00 | OK | |
r-patched-linux-x86_64 | 1.0.3 | 32.11 | 74.10 | 106.21 | OK | |
r-release-linux-x86_64 | 1.0.3 | 35.41 | 73.44 | 108.85 | OK | |
r-release-macos-arm64 | 1.0.3 | 57.00 | NOTE | |||
r-release-macos-x86_64 | 1.0.3 | 90.00 | NOTE | |||
r-release-windows-x86_64 | 1.0.3 | 36.00 | 117.00 | 153.00 | OK | |
r-oldrel-macos-arm64 | 1.0.3 | 57.00 | NOTE | |||
r-oldrel-macos-x86_64 | 1.0.3 | 88.00 | NOTE | |||
r-oldrel-windows-x86_64 | 1.0.3 | 47.00 | 133.00 | 180.00 | OK |
Version: 1.0.3
Check: installed package size
Result: NOTE
installed size is 5.4Mb
sub-directories of 1Mb or more:
data 2.3Mb
libs 3.0Mb
Flavors: r-release-macos-arm64, r-release-macos-x86_64, r-oldrel-macos-arm64, r-oldrel-macos-x86_64