Last updated on 2024-12-19 23:50:45 CET.
Flavor | Version | Tinstall | Tcheck | Ttotal | Status | Flags |
---|---|---|---|---|---|---|
r-devel-linux-x86_64-debian-clang | 1.0.1 | 4.99 | 20.43 | 25.42 | OK | |
r-devel-linux-x86_64-debian-gcc | 1.0.1 | 2.98 | 16.17 | 19.15 | OK | |
r-devel-linux-x86_64-fedora-clang | 1.0.1 | 42.40 | NOTE | |||
r-devel-linux-x86_64-fedora-gcc | 1.0.1 | 37.91 | NOTE | |||
r-devel-windows-x86_64 | 1.0.1 | 6.00 | 42.00 | 48.00 | OK | |
r-patched-linux-x86_64 | 1.0.1 | 4.91 | 19.18 | 24.09 | NOTE | |
r-release-linux-x86_64 | 1.0.1 | 4.79 | 19.21 | 24.00 | NOTE | |
r-release-macos-arm64 | 1.0.1 | 18.00 | NOTE | |||
r-release-macos-x86_64 | 1.0.1 | 24.00 | NOTE | |||
r-release-windows-x86_64 | 1.0.1 | 7.00 | 51.00 | 58.00 | NOTE | |
r-oldrel-macos-arm64 | 1.0.1 | 17.00 | NOTE | |||
r-oldrel-macos-x86_64 | 1.0.1 | 23.00 | NOTE | |||
r-oldrel-windows-x86_64 | 1.0.1 | 7.00 | 43.00 | 50.00 | NOTE |
Version: 1.0.1
Check: dependencies in R code
Result: NOTE
Namespaces in Imports field not imported from:
‘R6’ ‘cowplot’ ‘ggplot2’ ‘ggridges’ ‘ggstance’ ‘jmvcore’
All declared Imports should be used.
Flavors: r-devel-linux-x86_64-fedora-clang, r-devel-linux-x86_64-fedora-gcc
Version: 1.0.1
Check: LazyData
Result: NOTE
'LazyData' is specified without a 'data' directory
Flavors: r-patched-linux-x86_64, r-release-linux-x86_64, r-release-macos-arm64, r-release-macos-x86_64, r-release-windows-x86_64, r-oldrel-macos-arm64, r-oldrel-macos-x86_64, r-oldrel-windows-x86_64