CRAN Package Check Results for Package sccore

Last updated on 2024-12-19 23:50:45 CET.

Flavor Version Tinstall Tcheck Ttotal Status Flags
r-devel-linux-x86_64-debian-clang 1.0.5 39.69 60.13 99.82 OK
r-devel-linux-x86_64-debian-gcc 1.0.5 30.79 43.07 73.86 OK
r-devel-windows-x86_64 1.0.5 50.00 107.00 157.00 OK
r-patched-linux-x86_64 1.0.5 43.03 56.93 99.96 OK
r-release-linux-x86_64 1.0.5 46.43 56.76 103.19 OK
r-release-macos-arm64 1.0.5 46.00 NOTE
r-release-macos-x86_64 1.0.5 66.00 NOTE
r-release-windows-x86_64 1.0.5 50.00 103.00 153.00 OK
r-oldrel-macos-arm64 1.0.5 50.00 NOTE
r-oldrel-macos-x86_64 1.0.5 88.00 NOTE
r-oldrel-windows-x86_64 1.0.5 61.00 121.00 182.00 OK

Check Details

Version: 1.0.5
Check: installed package size
Result: NOTE installed size is 5.6Mb sub-directories of 1Mb or more: libs 4.8Mb Flavors: r-release-macos-arm64, r-release-macos-x86_64, r-oldrel-macos-arm64, r-oldrel-macos-x86_64