Last updated on 2024-12-19 23:50:45 CET.
Flavor | Version | Tinstall | Tcheck | Ttotal | Status | Flags |
---|---|---|---|---|---|---|
r-devel-linux-x86_64-debian-clang | 0.2.0 | 54.30 | 141.10 | 195.40 | OK | |
r-devel-linux-x86_64-debian-gcc | 0.2.0 | 40.04 | 104.49 | 144.53 | OK | |
r-devel-linux-x86_64-fedora-clang | 0.2.0 | 346.45 | OK | |||
r-devel-linux-x86_64-fedora-gcc | 0.2.0 | 372.42 | OK | |||
r-devel-windows-x86_64 | 0.2.0 | 53.00 | 195.00 | 248.00 | OK | |
r-patched-linux-x86_64 | 0.2.0 | 54.94 | 141.17 | 196.11 | OK | |
r-release-linux-x86_64 | 0.2.0 | 53.18 | 140.61 | 193.79 | OK | |
r-release-macos-arm64 | 0.2.0 | 115.00 | NOTE | |||
r-release-macos-x86_64 | 0.2.0 | 209.00 | NOTE | |||
r-release-windows-x86_64 | 0.2.0 | 32.00 | 200.00 | 232.00 | OK | |
r-oldrel-macos-arm64 | 0.2.0 | 222.00 | NOTE | |||
r-oldrel-macos-x86_64 | 0.2.0 | 433.00 | NOTE | |||
r-oldrel-windows-x86_64 | 0.2.0 | 61.00 | 226.00 | 287.00 | OK |
Version: 0.2.0
Check: installed package size
Result: NOTE
installed size is 20.9Mb
sub-directories of 1Mb or more:
libs 20.2Mb
Flavors: r-release-macos-arm64, r-release-macos-x86_64, r-oldrel-macos-arm64, r-oldrel-macos-x86_64
Version: 0.2.0
Check: package dependencies
Result: NOTE
Package suggested but not available for checking: ‘glmGamPoi’
Flavors: r-oldrel-macos-arm64, r-oldrel-macos-x86_64