CRAN Package Check Results for Package scrollrevealR

Last updated on 2024-12-19 23:50:45 CET.

Flavor Version Tinstall Tcheck Ttotal Status Flags
r-devel-linux-x86_64-debian-clang 0.2.0 1.45 19.66 21.11 OK
r-devel-linux-x86_64-debian-gcc 0.2.0 1.32 15.96 17.28 OK
r-devel-linux-x86_64-fedora-clang 0.2.0 37.19 OK
r-devel-linux-x86_64-fedora-gcc 0.2.0 46.49 OK
r-devel-windows-x86_64 0.2.0 2.00 44.00 46.00 OK
r-patched-linux-x86_64 0.2.0 1.54 19.14 20.68 NOTE
r-release-linux-x86_64 0.2.0 1.53 19.16 20.69 NOTE
r-release-macos-arm64 0.2.0 21.00 NOTE
r-release-macos-x86_64 0.2.0 33.00 NOTE
r-release-windows-x86_64 0.2.0 3.00 42.00 45.00 NOTE
r-oldrel-macos-arm64 0.2.0 23.00 NOTE
r-oldrel-macos-x86_64 0.2.0 30.00 NOTE
r-oldrel-windows-x86_64 0.2.0 3.00 42.00 45.00 NOTE

Check Details

Version: 0.2.0
Check: LazyData
Result: NOTE 'LazyData' is specified without a 'data' directory Flavors: r-patched-linux-x86_64, r-release-linux-x86_64, r-release-macos-arm64, r-release-macos-x86_64, r-release-windows-x86_64, r-oldrel-macos-arm64, r-oldrel-macos-x86_64, r-oldrel-windows-x86_64