Last updated on 2024-12-19 23:50:45 CET.
Flavor | Version | Tinstall | Tcheck | Ttotal | Status | Flags |
---|---|---|---|---|---|---|
r-devel-linux-x86_64-debian-clang | 1.4.1 | 69.40 | 649.89 | 719.29 | OK | |
r-devel-linux-x86_64-debian-gcc | 1.4.1 | 55.00 | 311.25 | 366.25 | OK | |
r-devel-linux-x86_64-fedora-clang | 1.4.1 | 871.69 | OK | |||
r-devel-linux-x86_64-fedora-gcc | 1.4.1 | 862.60 | OK | |||
r-devel-windows-x86_64 | 1.4.1 | 78.00 | 553.00 | 631.00 | OK | |
r-patched-linux-x86_64 | 1.4.1 | 74.23 | 446.14 | 520.37 | OK | |
r-release-linux-x86_64 | 1.4.1 | 79.84 | 465.05 | 544.89 | OK | |
r-release-macos-arm64 | 1.4.1 | 259.00 | NOTE | |||
r-release-macos-x86_64 | 1.4.1 | 697.00 | NOTE | |||
r-release-windows-x86_64 | 1.4.1 | 78.00 | 546.00 | 624.00 | OK | |
r-oldrel-macos-arm64 | 1.4.1 | 237.00 | NOTE | |||
r-oldrel-macos-x86_64 | 1.4.1 | 549.00 | NOTE | |||
r-oldrel-windows-x86_64 | 1.4.1 | 95.00 | 773.00 | 868.00 | OK |
Version: 1.4.1
Check: installed package size
Result: NOTE
installed size is 11.0Mb
sub-directories of 1Mb or more:
data 2.9Mb
libs 7.9Mb
Flavors: r-release-macos-arm64, r-release-macos-x86_64, r-oldrel-macos-arm64, r-oldrel-macos-x86_64