CRAN Package Check Results for Package seewave

Last updated on 2024-12-19 23:50:45 CET.

Flavor Version Tinstall Tcheck Ttotal Status Flags
r-devel-linux-x86_64-debian-clang 2.2.3 13.59 139.88 153.47 NOTE
r-devel-linux-x86_64-debian-gcc 2.2.3 8.64 93.38 102.02 NOTE
r-devel-linux-x86_64-fedora-clang 2.2.3 257.25 OK
r-devel-linux-x86_64-fedora-gcc 2.2.3 260.62 OK
r-devel-windows-x86_64 2.2.3 14.00 203.00 217.00 NOTE
r-patched-linux-x86_64 2.2.3 20.58 132.18 152.76 OK
r-release-linux-x86_64 2.2.3 10.41 131.58 141.99 OK
r-release-macos-arm64 2.2.3 72.00 OK
r-release-macos-x86_64 2.2.3 171.00 OK
r-release-windows-x86_64 2.2.3 16.00 225.00 241.00 OK
r-oldrel-macos-arm64 2.2.3 83.00 OK
r-oldrel-macos-x86_64 2.2.3 207.00 OK
r-oldrel-windows-x86_64 2.2.3 18.00 230.00 248.00 OK

Check Details

Version: 2.2.3
Check: Rd cross-references
Result: NOTE Found the following Rd file(s) with Rd \link{} targets missing package anchors: noisew.Rd: pulse synth.Rd: pulse synth2.Rd: pulse Please provide package anchors for all Rd \link{} targets not in the package itself and the base packages. Flavors: r-devel-linux-x86_64-debian-clang, r-devel-linux-x86_64-debian-gcc, r-devel-windows-x86_64