CRAN Package Check Results for Package segmenTier

Last updated on 2024-12-19 23:50:45 CET.

Flavor Version Tinstall Tcheck Ttotal Status Flags
r-devel-linux-x86_64-debian-clang 0.1.2 17.55 85.18 102.73 OK
r-devel-linux-x86_64-debian-gcc 0.1.2 12.22 61.67 73.89 OK
r-devel-linux-x86_64-fedora-clang 0.1.2 170.54 OK
r-devel-linux-x86_64-fedora-gcc 0.1.2 180.08 OK
r-devel-windows-x86_64 0.1.2 19.00 128.00 147.00 OK
r-patched-linux-x86_64 0.1.2 18.26 82.57 100.83 OK
r-release-linux-x86_64 0.1.2 18.55 81.91 100.46 NOTE
r-release-macos-arm64 0.1.2 54.00 OK
r-release-macos-x86_64 0.1.2 76.00 OK
r-release-windows-x86_64 0.1.2 20.00 125.00 145.00 OK
r-oldrel-macos-arm64 0.1.2 61.00 NOTE
r-oldrel-macos-x86_64 0.1.2 95.00 NOTE
r-oldrel-windows-x86_64 0.1.2 22.00 148.00 170.00 OK

Check Details

Version: 0.1.2
Check: package dependencies
Result: NOTE Packages suggested but not available for checking: 'flowMerge', 'flowClust', 'flowCore' Flavors: r-release-linux-x86_64, r-oldrel-macos-arm64, r-oldrel-macos-x86_64

Version: 0.1.2
Check: Rd cross-references
Result: NOTE Packages unavailable to check Rd xrefs: ‘flowClust’, ‘flowMerge’ Flavors: r-release-linux-x86_64, r-oldrel-macos-arm64, r-oldrel-macos-x86_64