CRAN Package Check Results for Package semantic.assets

Last updated on 2024-12-19 23:50:45 CET.

Flavor Version Tinstall Tcheck Ttotal Status Flags
r-devel-linux-x86_64-debian-clang 1.1.0 5.41 22.42 27.83 OK
r-devel-linux-x86_64-debian-gcc 1.1.0 3.28 18.83 22.11 OK
r-devel-linux-x86_64-fedora-clang 1.1.0 39.59 OK
r-devel-linux-x86_64-fedora-gcc 1.1.0 37.96 OK
r-devel-windows-x86_64 1.1.0 8.00 45.00 53.00 OK
r-patched-linux-x86_64 1.1.0 4.95 21.59 26.54 OK
r-release-linux-x86_64 1.1.0 4.46 21.70 26.16 OK
r-release-macos-arm64 1.1.0 19.00 NOTE
r-release-macos-x86_64 1.1.0 29.00 NOTE
r-release-windows-x86_64 1.1.0 9.00 51.00 60.00 NOTE
r-oldrel-macos-arm64 1.1.0 23.00 NOTE
r-oldrel-macos-x86_64 1.1.0 40.00 NOTE
r-oldrel-windows-x86_64 1.1.0 9.00 46.00 55.00 NOTE

Check Details

Version: 1.1.0
Check: installed package size
Result: NOTE installed size is 34.5Mb sub-directories of 1Mb or more: www 34.4Mb Flavors: r-release-macos-arm64, r-release-macos-x86_64, r-release-windows-x86_64, r-oldrel-macos-arm64, r-oldrel-macos-x86_64, r-oldrel-windows-x86_64