CRAN Package Check Results for Package serrsBayes

Last updated on 2024-12-19 23:50:45 CET.

Flavor Version Tinstall Tcheck Ttotal Status Flags
r-devel-linux-x86_64-debian-clang 0.5-0 55.54 352.23 407.77 OK
r-devel-linux-x86_64-debian-gcc 0.5-0 49.27 256.38 305.65 OK
r-devel-linux-x86_64-fedora-clang 0.5-0 682.60 OK
r-devel-linux-x86_64-fedora-gcc 0.5-0 736.09 OK
r-devel-windows-x86_64 0.5-0 59.00 438.00 497.00 OK
r-patched-linux-x86_64 0.5-0 65.92 374.52 440.44 OK
r-release-linux-x86_64 0.5-0 64.53 380.03 444.56 OK
r-release-macos-arm64 0.5-0 209.00 NOTE
r-release-macos-x86_64 0.5-0 312.00 NOTE
r-release-windows-x86_64 0.5-0 58.00 356.00 414.00 OK
r-oldrel-macos-arm64 0.5-0 287.00 NOTE
r-oldrel-macos-x86_64 0.5-0 450.00 NOTE
r-oldrel-windows-x86_64 0.5-0 72.00 429.00 501.00 OK

Check Details

Version: 0.5-0
Check: installed package size
Result: NOTE installed size is 19.6Mb sub-directories of 1Mb or more: libs 18.3Mb Flavors: r-release-macos-arm64, r-release-macos-x86_64, r-oldrel-macos-arm64, r-oldrel-macos-x86_64