CRAN Package Check Results for Package sevenbridges2

Last updated on 2024-12-19 23:50:45 CET.

Flavor Version Tinstall Tcheck Ttotal Status Flags
r-devel-linux-x86_64-debian-clang 0.2.0 36.11 160.44 196.55 OK
r-devel-linux-x86_64-debian-gcc 0.2.0 22.28 115.23 137.51 OK
r-devel-linux-x86_64-fedora-clang 0.2.0 319.52 OK
r-devel-linux-x86_64-fedora-gcc 0.2.0 306.07 OK
r-devel-windows-x86_64 0.2.0 31.00 184.00 215.00 OK
r-patched-linux-x86_64 0.2.0 31.68 151.22 182.90 OK
r-release-linux-x86_64 0.2.0 30.72 150.51 181.23 OK
r-release-macos-arm64 0.2.0 106.00 NOTE
r-release-macos-x86_64 0.2.0 239.00 NOTE
r-release-windows-x86_64 0.2.0 28.00 182.00 210.00 NOTE
r-oldrel-macos-arm64 0.2.0 97.00 NOTE
r-oldrel-macos-x86_64 0.2.0 173.00 NOTE
r-oldrel-windows-x86_64 0.2.0 43.00 221.00 264.00 NOTE

Check Details

Version: 0.2.0
Check: installed package size
Result: NOTE installed size is 6.8Mb sub-directories of 1Mb or more: R 1.1Mb doc 5.2Mb Flavors: r-release-macos-arm64, r-release-macos-x86_64, r-release-windows-x86_64, r-oldrel-macos-arm64, r-oldrel-macos-x86_64, r-oldrel-windows-x86_64