CRAN Package Check Results for Package shiny

Last updated on 2024-12-19 23:50:45 CET.

Flavor Version Tinstall Tcheck Ttotal Status Flags
r-devel-linux-x86_64-debian-clang 1.10.0 31.88 146.93 178.81 OK
r-devel-linux-x86_64-debian-gcc 1.10.0 21.94 99.10 121.04 OK
r-devel-linux-x86_64-fedora-clang 1.10.0 224.40 OK
r-devel-linux-x86_64-fedora-gcc 1.10.0 209.99 OK
r-devel-windows-x86_64 1.10.0 36.00 198.00 234.00 OK
r-patched-linux-x86_64 1.10.0 40.37 140.42 180.79 OK
r-release-linux-x86_64 1.10.0 36.81 140.73 177.54 OK
r-release-macos-arm64 1.10.0 79.00 NOTE
r-release-macos-x86_64 1.10.0 163.00 NOTE
r-release-windows-x86_64 1.10.0 35.00 197.00 232.00 NOTE
r-oldrel-macos-arm64 1.10.0 86.00 NOTE
r-oldrel-macos-x86_64 1.10.0 150.00 NOTE
r-oldrel-windows-x86_64 1.10.0 38.00 196.00 234.00 NOTE

Check Details

Version: 1.10.0
Check: installed package size
Result: NOTE installed size is 14.2Mb sub-directories of 1Mb or more: R 2.1Mb www 10.3Mb Flavors: r-release-macos-arm64, r-release-macos-x86_64, r-release-windows-x86_64, r-oldrel-macos-arm64, r-oldrel-macos-x86_64, r-oldrel-windows-x86_64