CRAN Package Check Results for Package shinyfullscreen

Last updated on 2024-12-19 23:50:45 CET.

Flavor Version Tinstall Tcheck Ttotal Status Flags
r-devel-linux-x86_64-debian-clang 1.1.0 2.44 31.15 33.59 OK
r-devel-linux-x86_64-debian-gcc 1.1.0 2.07 23.50 25.57 OK
r-devel-linux-x86_64-fedora-clang 1.1.0 53.93 OK
r-devel-linux-x86_64-fedora-gcc 1.1.0 49.54 OK
r-devel-windows-x86_64 1.1.0 4.00 53.00 57.00 OK
r-patched-linux-x86_64 1.1.0 2.66 29.66 32.32 NOTE
r-release-linux-x86_64 1.1.0 2.45 29.71 32.16 NOTE
r-release-macos-arm64 1.1.0 20.00 NOTE
r-release-macos-x86_64 1.1.0 29.00 NOTE
r-release-windows-x86_64 1.1.0 5.00 65.00 70.00 NOTE
r-oldrel-macos-arm64 1.1.0 20.00 NOTE
r-oldrel-macos-x86_64 1.1.0 29.00 NOTE
r-oldrel-windows-x86_64 1.1.0 6.00 53.00 59.00 NOTE

Check Details

Version: 1.1.0
Check: LazyData
Result: NOTE 'LazyData' is specified without a 'data' directory Flavors: r-patched-linux-x86_64, r-release-linux-x86_64, r-release-macos-arm64, r-release-macos-x86_64, r-release-windows-x86_64, r-oldrel-macos-arm64, r-oldrel-macos-x86_64, r-oldrel-windows-x86_64