CRAN Package Check Results for Package sicegar

Last updated on 2024-12-19 23:50:45 CET.

Flavor Version Tinstall Tcheck Ttotal Status Flags
r-devel-linux-x86_64-debian-clang 0.2.4 2.98 87.06 90.04 OK
r-devel-linux-x86_64-debian-gcc 0.2.4 1.99 58.03 60.02 OK
r-devel-linux-x86_64-fedora-clang 0.2.4 149.34 NOTE
r-devel-linux-x86_64-fedora-gcc 0.2.4 150.94 NOTE
r-devel-windows-x86_64 0.2.4 5.00 102.00 107.00 OK
r-patched-linux-x86_64 0.2.4 3.19 81.13 84.32 OK
r-release-linux-x86_64 0.2.4 2.74 80.63 83.37 OK
r-release-macos-arm64 0.2.4 49.00 OK
r-release-macos-x86_64 0.2.4 72.00 OK
r-release-windows-x86_64 0.2.4 5.00 99.00 104.00 OK
r-oldrel-macos-arm64 0.2.4 51.00 OK
r-oldrel-macos-x86_64 0.2.4 77.00 OK
r-oldrel-windows-x86_64 0.2.4 6.00 120.00 126.00 OK

Check Details

Version: 0.2.4
Check: dependencies in R code
Result: NOTE Namespace in Imports field not imported from: ‘dplyr’ All declared Imports should be used. Flavors: r-devel-linux-x86_64-fedora-clang, r-devel-linux-x86_64-fedora-gcc