Last updated on 2024-12-19 23:50:45 CET.
Flavor | Version | Tinstall | Tcheck | Ttotal | Status | Flags |
---|---|---|---|---|---|---|
r-devel-linux-x86_64-debian-clang | 1.0.3 | 8.30 | 66.47 | 74.77 | NOTE | |
r-devel-linux-x86_64-debian-gcc | 1.0.3 | 5.45 | 45.76 | 51.21 | NOTE | |
r-devel-linux-x86_64-fedora-clang | 1.0.3 | 124.84 | NOTE | |||
r-devel-linux-x86_64-fedora-gcc | 1.0.3 | 112.48 | NOTE | |||
r-devel-windows-x86_64 | 1.0.3 | 12.00 | 94.00 | 106.00 | NOTE | |
r-patched-linux-x86_64 | 1.0.3 | 9.23 | 63.09 | 72.32 | NOTE | |
r-release-linux-x86_64 | 1.0.3 | 6.82 | 62.60 | 69.42 | NOTE | |
r-release-macos-arm64 | 1.0.3 | 34.00 | NOTE | |||
r-release-macos-x86_64 | 1.0.3 | 51.00 | NOTE | |||
r-release-windows-x86_64 | 1.0.3 | 10.00 | 91.00 | 101.00 | NOTE | |
r-oldrel-macos-arm64 | 1.0.3 | 38.00 | OK | |||
r-oldrel-macos-x86_64 | 1.0.3 | 57.00 | OK | |||
r-oldrel-windows-x86_64 | 1.0.3 | 13.00 | 103.00 | 116.00 | OK |
Version: 1.0.3
Check: Rd files
Result: NOTE
checkRd: (-1) create_modelDF.Rd:25-38: Lost braces
25 | convert_xlsx_to_csv<-function(xlsx_file){
| ^
checkRd: (-1) create_modelDF.Rd:33-36: Lost braces
33 | for (i in Sheetnames) {
| ^
Flavors: r-devel-linux-x86_64-debian-clang, r-devel-linux-x86_64-debian-gcc, r-devel-linux-x86_64-fedora-clang, r-devel-linux-x86_64-fedora-gcc, r-devel-windows-x86_64, r-patched-linux-x86_64, r-release-linux-x86_64, r-release-macos-arm64, r-release-macos-x86_64, r-release-windows-x86_64