CRAN Package Check Results for Package simmer

Last updated on 2024-12-19 23:50:45 CET.

Flavor Version Tinstall Tcheck Ttotal Status Flags
r-devel-linux-x86_64-debian-clang 4.4.7 69.19 111.12 180.31 OK
r-devel-linux-x86_64-debian-gcc 4.4.7 60.22 80.89 141.11 OK
r-devel-linux-x86_64-fedora-clang 4.4.7 330.47 OK
r-devel-linux-x86_64-fedora-gcc 4.4.7 365.30 OK
r-devel-windows-x86_64 4.4.7 74.00 191.00 265.00 OK
r-patched-linux-x86_64 4.4.7 85.54 106.01 191.55 OK
r-release-linux-x86_64 4.4.7 83.24 107.69 190.93 OK
r-release-macos-arm64 4.4.7 118.00 NOTE
r-release-macos-x86_64 4.4.7 199.00 NOTE
r-release-windows-x86_64 4.4.7 75.00 186.00 261.00 OK
r-oldrel-macos-arm64 4.4.7 114.00 NOTE
r-oldrel-macos-x86_64 4.4.7 191.00 NOTE
r-oldrel-windows-x86_64 4.4.7 81.00 208.00 289.00 OK

Check Details

Version: 4.4.7
Check: installed package size
Result: NOTE installed size is 14.9Mb sub-directories of 1Mb or more: doc 1.5Mb libs 12.8Mb Flavors: r-release-macos-arm64, r-release-macos-x86_64, r-oldrel-macos-arm64, r-oldrel-macos-x86_64