CRAN Package Check Results for Package simode

Last updated on 2024-12-19 23:50:45 CET.

Flavor Version Tinstall Tcheck Ttotal Status Flags
r-devel-linux-x86_64-debian-clang 1.2.2 9.92 76.44 86.36 OK
r-devel-linux-x86_64-debian-gcc 1.2.2 7.15 54.40 61.55 OK
r-devel-linux-x86_64-fedora-clang 1.2.2 139.60 NOTE
r-devel-linux-x86_64-fedora-gcc 1.2.2 142.91 NOTE
r-devel-windows-x86_64 1.2.2 10.00 93.00 103.00 OK
r-patched-linux-x86_64 1.2.2 9.88 72.29 82.17 OK
r-release-linux-x86_64 1.2.2 9.81 71.92 81.73 OK
r-release-macos-arm64 1.2.2 44.00 OK
r-release-macos-x86_64 1.2.2 68.00 OK
r-release-windows-x86_64 1.2.2 11.00 91.00 102.00 OK
r-oldrel-macos-arm64 1.2.2 48.00 OK
r-oldrel-macos-x86_64 1.2.2 105.00 OK
r-oldrel-windows-x86_64 1.2.2 13.00 106.00 119.00 OK

Check Details

Version: 1.2.2
Check: dependencies in R code
Result: NOTE Namespace in Imports field not imported from: ‘quadprog’ All declared Imports should be used. Flavors: r-devel-linux-x86_64-fedora-clang, r-devel-linux-x86_64-fedora-gcc