CRAN Package Check Results for Package simsurv

Last updated on 2024-12-19 23:50:45 CET.

Flavor Version Tinstall Tcheck Ttotal Status Flags
r-devel-linux-x86_64-debian-clang 1.0.0 2.36 313.14 315.50 NOTE
r-devel-linux-x86_64-debian-gcc 1.0.0 1.79 161.10 162.89 NOTE
r-devel-linux-x86_64-fedora-clang 1.0.0 551.97 NOTE
r-devel-linux-x86_64-fedora-gcc 1.0.0 518.55 NOTE
r-devel-windows-x86_64 1.0.0 4.00 261.00 265.00 NOTE
r-patched-linux-x86_64 1.0.0 2.60 285.26 287.86 NOTE
r-release-linux-x86_64 1.0.0 2.36 286.64 289.00 NOTE
r-release-macos-arm64 1.0.0 117.00 NOTE
r-release-macos-x86_64 1.0.0 314.00 NOTE
r-release-windows-x86_64 1.0.0 5.00 247.00 252.00 NOTE
r-oldrel-macos-arm64 1.0.0 121.00 NOTE
r-oldrel-macos-x86_64 1.0.0 231.00 NOTE
r-oldrel-windows-x86_64 1.0.0 4.00 355.00 359.00 NOTE

Check Details

Version: 1.0.0
Check: package subdirectories
Result: NOTE Problems with news in ‘NEWS.md’: Cannot extract version info from the following section titles: Version (Date) Flavors: r-devel-linux-x86_64-debian-clang, r-devel-linux-x86_64-debian-gcc, r-devel-linux-x86_64-fedora-clang, r-devel-linux-x86_64-fedora-gcc, r-devel-windows-x86_64, r-patched-linux-x86_64, r-release-linux-x86_64, r-release-macos-arm64, r-release-macos-x86_64, r-release-windows-x86_64, r-oldrel-macos-arm64, r-oldrel-macos-x86_64, r-oldrel-windows-x86_64