Last updated on 2024-12-19 23:50:45 CET.
Flavor | Version | Tinstall | Tcheck | Ttotal | Status | Flags |
---|---|---|---|---|---|---|
r-devel-linux-x86_64-debian-clang | 0.1.2 | 37.18 | 108.10 | 145.28 | OK | |
r-devel-linux-x86_64-debian-gcc | 0.1.2 | 26.67 | 81.51 | 108.18 | OK | |
r-devel-linux-x86_64-fedora-clang | 0.1.2 | 255.42 | OK | |||
r-devel-linux-x86_64-fedora-gcc | 0.1.2 | 261.02 | OK | |||
r-devel-windows-x86_64 | 0.1.2 | 37.00 | 156.00 | 193.00 | OK | |
r-patched-linux-x86_64 | 0.1.2 | 36.46 | 107.26 | 143.72 | OK | |
r-release-linux-x86_64 | 0.1.2 | 35.59 | 108.04 | 143.63 | OK | |
r-release-macos-arm64 | 0.1.2 | 72.00 | NOTE | |||
r-release-macos-x86_64 | 0.1.2 | 117.00 | NOTE | |||
r-release-windows-x86_64 | 0.1.2 | 37.00 | 153.00 | 190.00 | OK | |
r-oldrel-macos-arm64 | 0.1.2 | 66.00 | NOTE | |||
r-oldrel-macos-x86_64 | 0.1.2 | 117.00 | NOTE | |||
r-oldrel-windows-x86_64 | 0.1.2 | 48.00 | 182.00 | 230.00 | OK |
Version: 0.1.2
Check: installed package size
Result: NOTE
installed size is 5.4Mb
sub-directories of 1Mb or more:
data 2.3Mb
libs 2.7Mb
Flavors: r-release-macos-arm64, r-release-macos-x86_64, r-oldrel-macos-arm64, r-oldrel-macos-x86_64