CRAN Package Check Results for Package sketcher

Last updated on 2024-12-19 23:50:45 CET.

Flavor Version Tinstall Tcheck Ttotal Status Flags
r-devel-linux-x86_64-debian-clang 0.1.3 4.23 30.83 35.06 OK
r-devel-linux-x86_64-debian-gcc 0.1.3 3.32 23.43 26.75 OK
r-devel-linux-x86_64-fedora-clang 0.1.3 60.29 NOTE
r-devel-linux-x86_64-fedora-gcc 0.1.3 53.29 NOTE
r-devel-windows-x86_64 0.1.3 6.00 53.00 59.00 OK
r-patched-linux-x86_64 0.1.3 4.33 29.86 34.19 OK
r-release-linux-x86_64 0.1.3 4.40 29.67 34.07 OK
r-release-macos-arm64 0.1.3 22.00 OK
r-release-macos-x86_64 0.1.3 34.00 OK
r-release-windows-x86_64 0.1.3 7.00 52.00 59.00 OK
r-oldrel-macos-arm64 0.1.3 25.00 OK
r-oldrel-macos-x86_64 0.1.3 32.00 OK
r-oldrel-windows-x86_64 0.1.3 7.00 59.00 66.00 OK

Check Details

Version: 0.1.3
Check: dependencies in R code
Result: NOTE Namespaces in Imports field not imported from: ‘dplyr’ ‘methods’ All declared Imports should be used. Flavors: r-devel-linux-x86_64-fedora-clang, r-devel-linux-x86_64-fedora-gcc