Last updated on 2024-12-19 23:50:46 CET.
Flavor | Version | Tinstall | Tcheck | Ttotal | Status | Flags |
---|---|---|---|---|---|---|
r-devel-linux-x86_64-debian-clang | 1.0.5 | 91.55 | 57.78 | 149.33 | OK | |
r-devel-linux-x86_64-debian-gcc | 1.0.5 | 74.19 | 68.64 | 142.83 | OK | |
r-devel-linux-x86_64-fedora-clang | 1.0.5 | 279.02 | OK | |||
r-devel-linux-x86_64-fedora-gcc | 1.0.5 | 335.60 | OK | |||
r-devel-windows-x86_64 | 1.0.5 | 85.00 | 112.00 | 197.00 | OK | |
r-patched-linux-x86_64 | 1.0.5 | 97.46 | 89.82 | 187.28 | OK | |
r-release-linux-x86_64 | 1.0.5 | 102.36 | 87.22 | 189.58 | OK | |
r-release-macos-arm64 | 1.0.5 | 71.00 | NOTE | |||
r-release-macos-x86_64 | 1.0.5 | 156.00 | NOTE | |||
r-release-windows-x86_64 | 1.0.5 | 86.00 | 101.00 | 187.00 | OK | |
r-oldrel-macos-arm64 | 1.0.5 | 71.00 | NOTE | |||
r-oldrel-macos-x86_64 | 1.0.5 | 157.00 | NOTE | |||
r-oldrel-windows-x86_64 | 1.0.5 | 107.00 | 120.00 | 227.00 | OK |
Version: 1.0.5
Check: installed package size
Result: NOTE
installed size is 31.7Mb
sub-directories of 1Mb or more:
libs 31.3Mb
Flavors: r-release-macos-arm64, r-release-macos-x86_64, r-oldrel-macos-arm64, r-oldrel-macos-x86_64