CRAN Package Check Results for Package smcryptoR

Last updated on 2024-12-19 23:50:46 CET.

Flavor Version Tinstall Tcheck Ttotal Status Flags
r-devel-linux-x86_64-debian-clang 0.1.2 40.09 22.45 62.54 OK
r-devel-linux-x86_64-debian-gcc 0.1.2 31.77 18.60 50.37 OK
r-devel-linux-x86_64-fedora-clang 0.1.2 123.85 OK
r-devel-linux-x86_64-fedora-gcc 0.1.2 135.51 OK
r-devel-windows-x86_64 0.1.2 46.00 67.00 113.00 OK
r-patched-linux-x86_64 0.1.2 40.89 22.07 62.96 OK
r-release-linux-x86_64 0.1.2 39.82 21.86 61.68 OK
r-release-macos-arm64 0.1.2 40.00 NOTE
r-release-macos-x86_64 0.1.2 58.00 NOTE
r-release-windows-x86_64 0.1.2 49.00 68.00 117.00 OK
r-oldrel-macos-arm64 0.1.2 50.00 NOTE
r-oldrel-macos-x86_64 0.1.2 95.00 NOTE
r-oldrel-windows-x86_64 0.1.2 54.00 73.00 127.00 OK

Check Details

Version: 0.1.2
Check: installed package size
Result: NOTE installed size is 7.2Mb sub-directories of 1Mb or more: libs 7.0Mb Flavors: r-release-macos-arm64, r-release-macos-x86_64, r-oldrel-macos-arm64, r-oldrel-macos-x86_64