Last updated on 2024-12-19 23:50:46 CET.
Flavor | Version | Tinstall | Tcheck | Ttotal | Status | Flags |
---|---|---|---|---|---|---|
r-devel-linux-x86_64-debian-clang | 1.0.5 | 36.40 | 124.91 | 161.31 | OK | |
r-devel-linux-x86_64-debian-gcc | 1.0.5 | 27.65 | 89.42 | 117.07 | OK | |
r-devel-linux-x86_64-fedora-clang | 1.0.5 | 280.01 | OK | |||
r-devel-linux-x86_64-fedora-gcc | 1.0.5 | 293.62 | OK | |||
r-devel-windows-x86_64 | 1.0.5 | 44.00 | 173.00 | 217.00 | OK | |
r-patched-linux-x86_64 | 1.0.5 | 39.07 | 119.39 | 158.46 | OK | |
r-release-linux-x86_64 | 1.0.5 | 36.42 | 120.52 | 156.94 | OK | |
r-release-macos-arm64 | 1.0.5 | 86.00 | NOTE | |||
r-release-macos-x86_64 | 1.0.5 | 228.00 | NOTE | |||
r-release-windows-x86_64 | 1.0.5 | 40.00 | 165.00 | 205.00 | NOTE | |
r-oldrel-macos-arm64 | 1.0.5 | 101.00 | NOTE | |||
r-oldrel-macos-x86_64 | 1.0.5 | 189.00 | NOTE | |||
r-oldrel-windows-x86_64 | 1.0.5 | 52.00 | 200.00 | 252.00 | NOTE |
Version: 1.0.5
Check: installed package size
Result: NOTE
installed size is 6.5Mb
sub-directories of 1Mb or more:
data 3.3Mb
libs 2.2Mb
Flavors: r-release-macos-arm64, r-release-macos-x86_64, r-release-windows-x86_64, r-oldrel-macos-arm64, r-oldrel-macos-x86_64, r-oldrel-windows-x86_64