Last updated on 2024-12-19 23:50:46 CET.
Flavor | Version | Tinstall | Tcheck | Ttotal | Status | Flags |
---|---|---|---|---|---|---|
r-devel-linux-x86_64-debian-clang | 2.1.1 | 19.10 | 128.37 | 147.47 | NOTE | |
r-devel-linux-x86_64-debian-gcc | 2.1.1 | 9.59 | 78.70 | 88.29 | NOTE | |
r-devel-linux-x86_64-fedora-clang | 2.1.1 | 234.87 | NOTE | |||
r-devel-linux-x86_64-fedora-gcc | 2.1.1 | 237.28 | NOTE | |||
r-devel-windows-x86_64 | 2.1.1 | 19.00 | 149.00 | 168.00 | NOTE | |
r-patched-linux-x86_64 | 2.1.1 | 20.41 | 124.08 | 144.49 | NOTE | |
r-release-linux-x86_64 | 2.1.1 | 16.72 | 121.82 | 138.54 | NOTE | |
r-release-macos-arm64 | 2.1.1 | 63.00 | NOTE | |||
r-release-macos-x86_64 | 2.1.1 | 125.00 | NOTE | |||
r-release-windows-x86_64 | 2.1.1 | 19.00 | 162.00 | 181.00 | NOTE | |
r-oldrel-macos-arm64 | 2.1.1 | 59.00 | OK | |||
r-oldrel-macos-x86_64 | 2.1.1 | 108.00 | OK | |||
r-oldrel-windows-x86_64 | 2.1.1 | 23.00 | 178.00 | 201.00 | OK |
Version: 2.1.1
Check: Rd files
Result: NOTE
checkRd: (-1) plot.selm.Rd:101: Lost braces
101 | data. Default value for code{which} is \code{2:4} if \code{p>1}, otherwise
| ^
Flavors: r-devel-linux-x86_64-debian-clang, r-devel-linux-x86_64-debian-gcc, r-devel-linux-x86_64-fedora-clang, r-devel-linux-x86_64-fedora-gcc, r-devel-windows-x86_64, r-patched-linux-x86_64, r-release-linux-x86_64, r-release-macos-arm64, r-release-macos-x86_64, r-release-windows-x86_64