CRAN Package Check Results for Package sp

Last updated on 2024-12-19 23:50:46 CET.

Flavor Version Tinstall Tcheck Ttotal Status Flags
r-devel-linux-x86_64-debian-clang 2.1-4 18.55 131.66 150.21 NOTE
r-devel-linux-x86_64-debian-gcc 2.1-4 12.30 93.52 105.82 NOTE
r-devel-linux-x86_64-fedora-clang 2.1-4 242.90 OK
r-devel-linux-x86_64-fedora-gcc 2.1-4 243.66 OK
r-devel-windows-x86_64 2.1-4 23.00 190.00 213.00 NOTE
r-patched-linux-x86_64 2.1-4 20.24 124.74 144.98 OK
r-release-linux-x86_64 2.1-4 17.38 124.13 141.51 OK
r-release-macos-arm64 2.1-4 101.00 OK
r-release-macos-x86_64 2.1-4 118.00 OK
r-release-windows-x86_64 2.1-4 29.00 179.00 208.00 OK
r-oldrel-macos-arm64 2.1-4 114.00 OK
r-oldrel-macos-x86_64 2.1-4 290.00 OK
r-oldrel-windows-x86_64 2.1-4 31.00 205.00 236.00 OK

Check Details

Version: 2.1-4
Check: Rd cross-references
Result: NOTE Found the following Rd file(s) with Rd \link{} targets missing package anchors: bubble.Rd: xyplot image.Rd: levelplot mapasp.Rd: levelplot spplot.Rd: xyplot, levelplot stack.Rd: levelplot Please provide package anchors for all Rd \link{} targets not in the package itself and the base packages. Flavors: r-devel-linux-x86_64-debian-clang, r-devel-linux-x86_64-debian-gcc, r-devel-windows-x86_64